2. Calculate q(5).
-11
Let x(w) = w**3 - w + 13. Let y be (-23 - -26)*(0 - 9). Let r be y/(-27) + -1 + 0. Determine x(r).
13
Let j = 4 + 7. Suppose -j = -5*w - 1. Let i(v) = 3 - 4*v**w - 5 - 1 + v + 5*v**2. What is i(0)?
-3
Suppose 0 = -83*y + 164 + 334. Let i(w) = -3 + 3 - w**3 + w + 6*w**2. Let l(p) = -3*p**3 + 18*p**2 + 4*p. Let k(z) = -7*i(z) + 2*l(z). Give k(y).
6
Let a(u) = -u**3 - 20*u**2 - u - 12. Suppose -5*o - 105 = j, 4*o + 2*j + 90 = -0*o. Determine a(o).
8
Suppose -2*r - 3 = -5, -8 = -3*z - 5*r. Let t(p) = p + 1. Let u(o) = -7*o - 14. Let f(i) = z*u(i) + 6*t(i). Give f(-6).
-2
Suppose -2*v = 5*f - 102, 0*f - f + 4*v = -16. Suppose -18 = 4*h - 30. Suppose y - f = -3*r, 2*y = -h*r - y + 24. Let b(t) = -t**2 + 9*t - 9. What is b(r)?
9
Let p(d) = -7*d**2 + 978*d**3 + 98 - 92 + 3*d - 977*d**3. Let u(t) = t**2 - 5*t. Let j be u(6). What is p(j)?
-12
Let m(p) be the second derivative of p**4/12 + 11*p**3/6 + 4*p**2 + 973*p. Determine m(-8).
-16
Let x(n) be the second derivative of -n**3/6 - 3*n**2/2 + 129*n. Determine x(7).
-10
Let f be 14/12 - (-6 + 111/18). Let s = -1 - -2. Suppose c + s + f = 2*q, -14 = -4*q - 3*c. Let x(v) = -2*v + 2. Determine x(q).
-2
Let l(t) = 3*t - 2. Let h = -4 - 19. Let g = h - -29. Let f be 2/g - (-33)/9. Calculate l(f).
10
Let w = 6 + -2. Let r(y) be the third derivative of -y**5/60 - y**4/12 + 2*y**3/3 + 119*y**2. Determine r(w).
-20
Let j(f) = -f**3 - 2 + 7*f**2 + 11*f**2 - f - 32*f**2 + 9*f**2 + 5. What is j(-4)?
-9
Let y(q) = 2*q**2 - 13*q + 16. Let r(k) = -3*k**2 + 13*k - 17. Let w(b) = -3*r(b) - 4*y(b). Let j be w(-14). Let s(c) = 2*c**2 - c + 1. Calculate s(j).
2
Let v = 129 + -117. Let g(r) = -r + 9. Give g(v).
-3
Let i(b) = -6*b**2 - 9*b - 14. Let j(z) = 5*z**2 + 7*z + 13. Let l(t) = 6*i(t) + 7*j(t). What is l(-5)?
7
Let a(n) = 2*n + 5. Suppose 46*m = -447 - 59. Give a(m).
-17
Let t(x) = -x**3 + 8*x**2 - 13*x - 5. Let a be (-33)/(-99) + 34/6. What is t(a)?
-11
Let a(l) = -l**2 + 6*l + 6. Suppose 0 = 158*p - 169*p. Calculate a(p).
6
Let o(f) = -2*f**2 + f - 1. Let x be (2 + (-2)/(-2))*635/381. What is o(x)?
-46
Let b(l) = -l**3 + 3*l**2 + 2 - 2*l**2 - 2*l + 4*l**2 - 10. Determine b(4).
0
Let v(w) = 5*w. Let l(p) = 4*p - 39. Let r be l(10). Let q be (r*2)/8 + 629/(-148). Calculate v(q).
-20
Let g(k) be the third derivative of 0 + 1/60*k**5 + 0*k + 10*k**2 - 1/6*k**3 + 1/4*k**4. Give g(-5).
-6
Let m(i) = 5*i - 32. Let l(r) = 2*r - 11. Suppose 4*o - 13 = n - 4, -2*n = 3*o - 15. Let v(s) = n*m(s) - 8*l(s). Calculate v(8).
-16
Let o(b) = -b**3 + 9*b**2 - 13*b + 28. Suppose 0 = -37*g + 219 + 77. What is o(g)?
-12
Suppose -2*j + 4*h = -36, 29 = 5*j - 2*j - h. Suppose x = j - 9. Let c(t) = 9*t**3 - 2*t**2 - 2*t - 1. Determine c(x).
-10
Let k be (3 + -3)/(3 - 2). Let p = 3 + k. Suppose v - 14 = -p*m, 3*m = -0*m + 9. Let y(n) = -n**3 + 4*n**2 + 6*n - 4. Determine y(v).
1
Let c = -27 - -30. Let p(r) = -6*r**2 - c*r + 3*r**2 + 5*r - r**2. Determine p(2).
-12
Suppose 3 = -4*d + 35. Let l(t) = t**3 - 8*t**2 + t - 2. Let c be l(d). Let q(k) = -k**2 + 7*k + 6. Give q(c).
12
Let j = 29 + -29. Let t = 2 - 5. Let p(x) = -3*x**2 - x - 4. Let d(l) = -2*l**2 - l - 4. Let y(q) = t*p(q) + 4*d(q). Give y(j).
-4
Suppose 6*h - 16 = 2*h. Let y(w) = w**3 - 8 + 6 - w + h. Calculate y(2).
8
Let r(l) = l**3 - 8*l**2 + l + 1. Let n be -1 + (-5)/5 - 76. Let y = n + 86. Determine r(y).
9
Let u = 788 - 795. Let w(f) = -f**2 - 6*f - 3. Determine w(u).
-10
Let v(q) = -q**3 - 22*q**2 + 21*q - 52. Suppose -74 = 3*g - 24*w + 19*w, 0 = 5*w - 5. Determine v(g).
-6
Let i(l) be the second derivative of -l**4/12 + 3*l**3/2 - 4*l**2 - 2*l. Let j be 12 - (-4 - (-36)/8)*10. What is i(j)?
6
Let a(f) = -f**3 - 6*f**2 - 5*f + 2. Let t(w) = -3*w - 3. Let s be t(-6). Suppose -s = 3*c - 12. Let r be ((-5)/3)/(c/(-3)). Give a(r).
2
Let j(k) be the second derivative of 1/6*k**4 + 18*k + 0 - k**2 + 0*k**3. Calculate j(-2).
6
Let b be (11/((-33)/(-4)))/((-1)/3). Suppose 5 = u - 3*h - 0*h, 3*u + 3*h - 3 = 0. Let f(p) = 4*p**u + 3*p - 6 + 4 + 0*p - 4*p + p**3. Determine f(b).
2
Let f(s) = -s**3 - 3*s**2 - 3*s + 1. Let a be 6/(-9) - 96/(-9). Suppose 6*d = d + a. Suppose 0 = 4*y - d*c + 6, -9 = 2*y + c - 0*c. What is f(y)?
10
Let b(c) = -c**3 - 12*c**2 + 11*c - 3. Let i(w) = -6*w**3 - 61*w**2 + 55*w - 14. Let j be (-15)/35 - -111*(-8)/84. Let k(t) = j*b(t) + 2*i(t). Determine k(9).
-13
Let r(k) = k**3 - k**2 + k - 25. Suppose 0 = 9*i - 3*i. Suppose i = z + 22 - 22. What is r(z)?
-25
Let m be 3*1 - (-3 - -3). Let w = 1 + m. Let k(j) be the second derivative of j**5/20 - 5*j**4/12 + 5*j**3/6 - 3*j**2/2 + 2*j. Determine k(w).
1
Suppose l + 2 = 5*u + 19, -2*u - 5*l = 23. Let o(h) = 2*h**2 - 3*h + 1. Let c(r) = -r**2 - 1. Let x be -3*3/(-2 + -1). Let w(t) = x*c(t) + o(t). Give w(u).
-6
Let v = 290 - 290. Let i(g) = g**2 - g - 13. Determine i(v).
-13
Let k(m) = -3*m. Let j = 69 + -69. Suppose j = 21*s - 53 + 11. Calculate k(s).
-6
Let l be (9/((-108)/(-8)))/((-3)/(-27)). Let z(d) = -2*d + 7. Calculate z(l).
-5
Let a(q) = q - 6. Let t be a(8). Let d(b) be the first derivative of -b**3/3 - 5*b - 2. Let j(i) be the first derivative of d(i). What is j(t)?
-4
Let h(i) = 3*i + 6. Let c be 0/(-1)*-1 - -2. Suppose 10 = -8*y + 9*y. Suppose c*v = a - 7, 2*a = 2*v + 4*a + y. Determine h(v).
-6
Let s(v) = 3*v. Let f(u) = -15*u - 47. Let y be f(-3). Let p be (-1 - 2)*y/(-6). Give s(p).
-3
Suppose 3*h + 6 = 3*x - 12, -5*x + 4*h = -28. Let r(w) = -16*w + 4. Let u(z) = 13*z - 4. Let v(p) = 4*r(p) + 5*u(p). What is v(x)?
0
Let j(r) be the second derivative of -5*r**4/24 + r**3 - 8*r**2 - 29*r. Let v(c) be the first derivative of j(c). Determine v(6).
-24
Let r(y) = -y**3 - 8*y**2 - 7*y - 2. Let f(x) = x. Let q be f(3). Suppose -q*t - 49 = 4*t. Determine r(t).
-2
Suppose 0 = -5*x + 3*h + 34, -18 = -x - 2*x + h. Let u(f) = f**3 - 7*f**2 + 8*f + 3. Determine u(x).
-7
Let k(r) = 13*r**2 - 27 - r**3 + 12*r**2 + 10*r**2 - 34*r**2. Determine k(0).
-27
Let h(z) = 16*z - 1. Let u(d) = -6*d. Let a be u(7). Let v = a - -43. Determine h(v).
15
Let y(x) = -3*x**2 - x - 3. Let m(a) = -3*a**2 - 3. Let t(d) = -3*m(d) + 4*y(d). Let r(b) = -b**2 + 9*b + 8. Suppose 40 = 5*w - w. Let h be r(w). What is t(h)?
-7
Suppose -m = 4*f + 12, m + 3*f + 3 = 2*f. Let c(z) be the second derivative of -3/2*z**2 + 1/2*z**3 + m + 14*z. Determine c(3).
6
Let f(a) be the third derivative of 5/6*a**3 - a**2 + 0 - 1/24*a**4 + 0*a. Let p(o) = -15*o - 85. Let h be p(-6). What is f(h)?
0
Let g(k) = k - 3. Let o be (40/15)/((-2)/(-6)). Suppose -5*w - 5*j = 20, 6*j - j - o = -w. Give g(w).
-10
Let o(c) = c**2 - 6*c + 5. Let g be 0 - (10/(-1) - 2). Suppose 9*i = g + 42. Give o(i).
5
Let g(b) = b**2. Suppose -5*y + 9 = -4*y. Let v(n) = 1 - y*n**2 - 6*n**2 + 13*n**2 - n. Let f(d) = 3*g(d) - v(d). Determine f(1).
5
Let x(s) = -s**2 + 4*s + 6. Let v(u) = -u**3 - 9*u**2 + 2*u + 5. Let j be v(-9). Let t = j + 20. Let y = 13 - t. Calculate x(y).
-6
Let v(n) = -2*n - 17. Let w(x) = -4*x - 47. Let o(m) = -5*v(m) + 2*w(m). Give o(-6).
-21
Let d = 84 + -77. Let i(v) = -v**2 + 9*v - 6. Let r(z) = -2*z**2 + 17*z - 11. Let n(p) = d*i(p) - 4*r(p). Determine n(7).
16
Let l(o) be the first derivative of -o**3/3 - 4*o**2 - 6*o - 1. Let a(t) = -t**2 - 19*t + 2555. Let r be a(-61). What is l(r)?
1
Let i(h) = 4*h**3 + 16*h**2 + 9*h + 11. Let t(c) = 2*c**3 + 7*c**2 + 4*c + 5. Let r(y) = -2*i(y) + 5*t(y). Determine r(-2).
-5
Suppose 6*x + 12 = 2*x, 0 = 2*i + 4*x - 16. Let g(a) = -a + 10. Determine g(i).
-4
Let j(o) = 9*o + 10*o - 25*o + 7*o + 9. Let n be j(-4). Let x(t) = t**3 - 4*t**2 - 4*t + 4. What is x(n)?
9
Let i(q) = 2*q**2 + 2*q - 2. Suppose -m - 40 = z, -3*m - 2*z - 33 = 86. Let b = m + 41. Determine i(b).
10
Suppose 0 = -2*o + 4*o. Let j(a) = 0 - 3 + a + o*a. Calculate j(7).
4
Let y(g) = -g + 3. Let v be 20/(-15)*114/(-4). Let l = v + -34. What is y(l)?
-1
Let a(l) = -11*l + 6. Suppose 4*z + 1 - 16 = 5*b, 4*b - z = -1. What is a(b)?
-5
Let d(x) = 12*x - 110. Let k(i) = 2*i - 17. Let c(p) = 6*d(p) - 39*k(p). What is c(-6)?
39
Let f(z) = z**3 - 5*z**2 + 4*z. Let l be (6/(-2))/(-6 + (8 - 3)). What is f(l)?
-6
Let i(g) = 4*g + g + 0*g - 4*g. Let w(a) = -7*a**2 - 3*a + 17. Let m(o) = -2*i(o) - w(o). Let d(s) = -3*s**2 + 8. Let f(l) = 9*d(l) +